{"id":121,"date":"2020-07-22T16:36:05","date_gmt":"2020-07-22T22:36:05","guid":{"rendered":"https:\/\/diga.usac.edu.gt\/?page_id=121"},"modified":"2020-07-22T16:36:05","modified_gmt":"2020-07-22T22:36:05","slug":"objetivos","status":"publish","type":"page","link":"https:\/\/diga.usac.edu.gt\/?page_id=121","title":{"rendered":"Objetivos"},"content":{"rendered":"<ol>\n<li>Apoyar a las dependencias de la Universidad de San Carlos de Guatemala, en forma \u00e1gil, eficiente y eficaz para coadyuvar en la ejecuci\u00f3n de las funciones que les han sido asignadas.<\/li>\n<li>Administrar en forma \u00e1gil y efectiva los recursos asignados, para cumplir las necesidades de las dependencias de la Universidad de San Carlos de Guatemala.<\/li>\n<li>Proporcionar servicios de apoyo de calidad a la Comunidad Sancarlista, para mejorar la eficiencia y funcionalidad de la infraestructura y los procesos operativos de la Universidad.<\/li>\n<li>Optimizar y racionalizar los recursos materiales en cumplimiento de su funci\u00f3n de apoyo.<\/li>\n<li>Apoyar los fines de docencia, investigaci\u00f3n y extensi\u00f3n de la Universidad.<\/li>\n<li>Promover la descentralizaci\u00f3n y desconcentraci\u00f3n administrativa de la Universidad de San Carlos de Guatemala.<\/li>\n<li>Contribuir a la optimizaci\u00f3n y racionalizaci\u00f3n de los recursos de la Universidad de San Carlos de Guatemala.<\/li>\n<li>Fortalecer la infraestructura f\u00edsica de la Universidad y servicios generales en funci\u00f3n de las necesidades de las unidades acad\u00e9micas.<\/li>\n<li>Contar con una administraci\u00f3n universitaria \u00e1gil, din\u00e1mica, actualizada, eficiente y eficaz.<\/li>\n<\/ol>\n","protected":false},"excerpt":{"rendered":"<p>Apoyar a las dependencias de la Universidad de San Carlos de Guatemala, en forma \u00e1gil, eficiente y eficaz para coadyuvar en la ejecuci\u00f3n de las funciones que les han sido asignadas. Administrar en forma \u00e1gil y efectiva los recursos asignados, para cumplir las necesidades de las dependencias de la Universidad de San Carlos de Guatemala. &hellip; <\/p>\n<p class=\"link-more\"><a href=\"https:\/\/diga.usac.edu.gt\/?page_id=121\" class=\"more-link\">Continuar leyendo<span class=\"screen-reader-text\"> \u00abObjetivos\u00bb<\/span><\/a><\/p>\n","protected":false},"author":2,"featured_media":0,"parent":113,"menu_order":4,"comment_status":"closed","ping_status":"closed","template":"","meta":[],"_links":{"self":[{"href":"https:\/\/diga.usac.edu.gt\/index.php?rest_route=\/wp\/v2\/pages\/121"}],"collection":[{"href":"https:\/\/diga.usac.edu.gt\/index.php?rest_route=\/wp\/v2\/pages"}],"about":[{"href":"https:\/\/diga.usac.edu.gt\/index.php?rest_route=\/wp\/v2\/types\/page"}],"author":[{"embeddable":true,"href":"https:\/\/diga.usac.edu.gt\/index.php?rest_route=\/wp\/v2\/users\/2"}],"replies":[{"embeddable":true,"href":"https:\/\/diga.usac.edu.gt\/index.php?rest_route=%2Fwp%2Fv2%2Fcomments&post=121"}],"version-history":[{"count":1,"href":"https:\/\/diga.usac.edu.gt\/index.php?rest_route=\/wp\/v2\/pages\/121\/revisions"}],"predecessor-version":[{"id":122,"href":"https:\/\/diga.usac.edu.gt\/index.php?rest_route=\/wp\/v2\/pages\/121\/revisions\/122"}],"up":[{"embeddable":true,"href":"https:\/\/diga.usac.edu.gt\/index.php?rest_route=\/wp\/v2\/pages\/113"}],"wp:attachment":[{"href":"https:\/\/diga.usac.edu.gt\/index.php?rest_route=%2Fwp%2Fv2%2Fmedia&parent=121"}],"curies":[{"name":"wp","href":"https:\/\/api.w.org\/{rel}","templated":true}]}}