{"id":150,"date":"2020-07-23T12:27:49","date_gmt":"2020-07-23T18:27:49","guid":{"rendered":"https:\/\/diga.usac.edu.gt\/?page_id=150"},"modified":"2020-08-25T11:06:35","modified_gmt":"2020-08-25T17:06:35","slug":"division-de-desarrollo-organizacional","status":"publish","type":"page","link":"https:\/\/diga.usac.edu.gt\/?page_id=150","title":{"rendered":"Divisi\u00f3n de Desarrollo Organizacional"},"content":{"rendered":"<p>La Divisi\u00f3n de Desarrollo Organizacional -DDO-, es la dependencia especializada de la Direcci\u00f3n General de Administraci\u00f3n, encargada de realizar estudios, investigaciones e intervenciones en el \u00e1mbito de desarrollo organizacional y proporcionar asesor\u00eda t\u00e9cnica, apoyo y acompa\u00f1amiento a las unidades acad\u00e9micas y administrativas de la Universidad de San Carlos de Guatemala, en las \u00e1reas de estudios de organizaci\u00f3n, sistemas y procesos, fortalecimiento del talento humano y gesti\u00f3n estrat\u00e9gica del cambio.<\/p>\n<p>&nbsp;<\/p>\n<p><a href=\"https:\/\/www.facebook.com\/DDOUSAC\/\"><img loading=\"lazy\" class=\"alignright wp-image-177 size-thumbnail\" src=\"https:\/\/diga.usac.edu.gt\/wp-content\/uploads\/2020\/08\/Fb-Icon-1-146x150.png\" alt=\"\" width=\"146\" height=\"150\" \/><\/a><a href=\"http:\/\/ddo.usac.edu.gt\/\"><br \/>\n<img loading=\"lazy\" class=\"alignleft wp-image-180 size-full\" src=\"https:\/\/diga.usac.edu.gt\/wp-content\/uploads\/2020\/08\/Sitio-Web-pq.png\" alt=\"\" width=\"146\" height=\"47\" \/><\/a><\/p>\n","protected":false},"excerpt":{"rendered":"<p>La Divisi\u00f3n de Desarrollo Organizacional -DDO-, es la dependencia especializada de la Direcci\u00f3n General de Administraci\u00f3n, encargada de realizar estudios, investigaciones e intervenciones en el \u00e1mbito de desarrollo organizacional y proporcionar asesor\u00eda t\u00e9cnica, apoyo y acompa\u00f1amiento a las unidades acad\u00e9micas y administrativas de la Universidad de San Carlos de Guatemala, en las \u00e1reas de estudios &hellip; <\/p>\n<p class=\"link-more\"><a href=\"https:\/\/diga.usac.edu.gt\/?page_id=150\" class=\"more-link\">Continuar leyendo<span class=\"screen-reader-text\"> \u00abDivisi\u00f3n de Desarrollo Organizacional\u00bb<\/span><\/a><\/p>\n","protected":false},"author":2,"featured_media":0,"parent":129,"menu_order":2,"comment_status":"closed","ping_status":"closed","template":"","meta":[],"_links":{"self":[{"href":"https:\/\/diga.usac.edu.gt\/index.php?rest_route=\/wp\/v2\/pages\/150"}],"collection":[{"href":"https:\/\/diga.usac.edu.gt\/index.php?rest_route=\/wp\/v2\/pages"}],"about":[{"href":"https:\/\/diga.usac.edu.gt\/index.php?rest_route=\/wp\/v2\/types\/page"}],"author":[{"embeddable":true,"href":"https:\/\/diga.usac.edu.gt\/index.php?rest_route=\/wp\/v2\/users\/2"}],"replies":[{"embeddable":true,"href":"https:\/\/diga.usac.edu.gt\/index.php?rest_route=%2Fwp%2Fv2%2Fcomments&post=150"}],"version-history":[{"count":5,"href":"https:\/\/diga.usac.edu.gt\/index.php?rest_route=\/wp\/v2\/pages\/150\/revisions"}],"predecessor-version":[{"id":182,"href":"https:\/\/diga.usac.edu.gt\/index.php?rest_route=\/wp\/v2\/pages\/150\/revisions\/182"}],"up":[{"embeddable":true,"href":"https:\/\/diga.usac.edu.gt\/index.php?rest_route=\/wp\/v2\/pages\/129"}],"wp:attachment":[{"href":"https:\/\/diga.usac.edu.gt\/index.php?rest_route=%2Fwp%2Fv2%2Fmedia&parent=150"}],"curies":[{"name":"wp","href":"https:\/\/api.w.org\/{rel}","templated":true}]}}